What is the greatest common factor of 27 and y?
9
Let v = -58 - -76. What is the highest common factor of 45 and v?
9
Let d be ((-6)/9)/(4/(-150)). Let n = d - 15. Let h = -4 + n. What is the highest common factor of 54 and h?
6
Let d(f) = -2*f**2 - 27*f - 3. Let i be d(-13). What is the highest common divisor of i and 110?
10
Suppose 5*q + 0*q = 250. Suppose 0 = -5*m + 10 + q. Let w = 161 - 155. Calculate the greatest common factor of m and w.
6
Let j be 1 - (1 - 0)*-1. Suppose -3*f + 27 = f + 5*b, -f - 3*b = -12. Let z = j + f. Calculate the highest common divisor of 25 and z.
5
Let u be 0 + (-4)/2 + 8. Suppose 0*n - u*n = -72. Calculate the highest common factor of n and 96.
12
Let s(t) = -4*t**2 + 14*t + 9. Let y(b) = -b**2 + 5*b + 3. Let x(k) = -3*s(k) + 8*y(k). Let o be x(-3). What is the greatest common factor of 26 and o?
13
Let q be ((-18)/(-12))/(2/40). Let z = -10 + q. What is the greatest common divisor of 10 and z?
10
Suppose -t - 28 = -2*i, -3*i - 4*t - 7 = -49. Calculate the highest common divisor of 7 and i.
7
Let z = -7 + 16. Calculate the highest common factor of z and 45.
9
Let w = 41 + -26. Calculate the greatest common divisor of w and 5.
5
Let a(q) = q**3 + 11*q**2 + 12*q + 24. Let r be a(-10). Calculate the highest common factor of r and 32.
4
Let r(w) = -18*w. Let m(c) = 18*c. Let o(u) = 5*m(u) + 6*r(u). Let v be o(-1). Calculate the highest common factor of 27 and v.
9
Let h(w) = 24*w + 9. Let k be h(-6). Let j = k + 75. Let t be -3*(j/9 - -2). What is the highest common factor of 154 and t?
14
Let r(x) = x**3 - 6*x**2 + 8*x + 5. Let f be r(7). What is the greatest common factor of f and 11?
11
Let c be (2 + -1)/(1/(-2)). Let y(g) = g**2 - 3*g + 1. Let x be y(-3). Let q be (c + x*2)/1. What is the highest common factor of q and 12?
12
Suppose 4*a + 0*n = -4*n, 5*a + n - 8 = 0. Suppose a*w = -2*w + 168. Let d = 2 + 61. What is the highest common divisor of w and d?
21
Let k = -10 - -31. What is the highest common factor of k and 168?
21
Let k(i) = -2*i + 7*i + 75*i + 3. Let h be k(3). Calculate the greatest common factor of h and 27.
27
Let m be -3 + 14 - (1 - 0). Suppose -l + m = 4*l. Let y be (-6)/(-15) - (-68)/5. Calculate the greatest common divisor of y and l.
2
Let o(v) = v**3 - 7*v**2 + 8*v + 4. Let l be o(6). Suppose -4*q - 2 = -2*q, -5*q + 11 = 4*m. Calculate the highest common divisor of l and m.
4
Let a(o) = 49*o**2 + 2. Let d be a(-3). Suppose 37 = 5*n - d. Suppose n = -0*s + 2*s. Calculate the highest common divisor of 6 and s.
6
Let a be (-1 + 0)*(-37 - -10). Calculate the highest common factor of a and 243.
27
Let m(r) = 6*r - 4. Let f be m(3). What is the greatest common divisor of 7 and f?
7
Suppose 55 = -5*j - v, -4*j - 33 = v + 2*v. Let q be j*(-3 + 1 + -4). What is the highest common factor of 8 and q?
8
Let z be 100 - (-1)/(-2)*4. Let x = 15 - 1. What is the greatest common divisor of z and x?
14
Let h(q) = -q**2 + 26*q + 33. Let n be h(27). Let p(s) = 6*s**2 + s + 1. Let a be p(-1). What is the highest common divisor of n and a?
6
Let g be 5*(14/(-5) + 2). Let w = g + 10. Calculate the greatest common divisor of 12 and w.
6
Suppose 5*a = -31 - 9. Let w = a - -30. Calculate the highest common divisor of 11 and w.
11
Suppose -6*b = -3*b. Suppose 3*v + 0*v + 4*l - 41 = 0, -5*v + 3*l + 49 = b. Calculate the greatest common divisor of 44 and v.
11
Let y be (-2 - -4) + 9/3. Let k = y - 0. What is the highest common divisor of k and 25?
5
Let s be 1/(-4) + (-2)/((-40)/1805). Calculate the greatest common factor of s and 36.
18
Let r(a) = -a + 17. Let d be r(-11). What is the greatest common divisor of d and 14?
14
Let a be -3 - -6 - 0 - -3. Suppose -x + a = 2*x, 0 = -3*m + 3*x. What is the greatest common divisor of m and 16?
2
Let l = -76 + 131. What is the highest common factor of 22 and l?
11
Let d = 1 + 1. Let y(l) = 12*l**d + 0 + 0. Let u be y(1). What is the greatest common factor of u and 84?
12
Let s = 172 + -52. Calculate the greatest common factor of 15 and s.
15
Let j(y) = 3*y**2 + 2*y + 1. Let k be j(-1). Suppose -3*a = -k*l - 3*l - 9, l + 3 = a. Suppose b - a = 9. What is the highest common factor of 30 and b?
6
Let l(f) = f + 6. Let r be l(-12). Let t be r/2 - 7/(-1). Suppose k + v - 101 = t*v, 4*v = 12. Calculate the greatest common divisor of k and 22.
22
Let q be (-2)/4 + 73/2. Let m(c) = -c**3 + 3*c**2 + 4*c - 3. Let p be m(3). Calculate the greatest common divisor of p and q.
9
Let w be (9 - -1)/(-2)*1. Let g(p) = -4*p + 4. Let v be g(w). Calculate the highest common factor of 264 and v.
24
Suppose -2*h = 42 + 10. Let a(r) = r**2 - 4*r + 6. Let z be a(8). Let j = h + z. What is the highest common divisor of 96 and j?
12
Suppose 4*v + z - 47 = 0, 2*v = -4*z + 2 + 18. What is the greatest common factor of v and 3?
3
Let r be (-2712)/(-42) + 3/7. Let f = -1 - -1. Suppose 4*p - 2*p - 52 = f. Calculate the highest common factor of p and r.
13
Let g = 43 - 1. Let c be (g/5)/(14/35). What is the highest common factor of c and 42?
21
Suppose 4*j + 44 = 2*v, 2*v - 6*v + 91 = -5*j. Calculate the greatest common factor of v and 6.
6
Let f = -2 - -62. Suppose j + j = 10. Suppose 4*u - 72 = 2*p + f, 154 = j*u + 3*p. What is the highest common divisor of 4 and u?
4
Let k(w) = 2*w**2 + 2*w + 12. Let j be k(-6). Suppose 0 = 3*d - 32 + 5. Calculate the greatest common divisor of j and d.
9
Let g = -19 - -37. What is the greatest common factor of 27 and g?
9
Suppose 4*i - 256 = -5*z, i = -2*i + 12. Calculate the highest common divisor of z and 24.
24
Suppose 0 = 5*k - 83 - 237. Calculate the greatest common factor of 160 and k.
32
Suppose -3*z + 48 = -z. What is the highest common factor of z and 216?
24
Suppose v - 5 = -0. Let b(r) = 2 - v*r - 2 + 0. Let k be b(-3). What is the greatest common divisor of 5 and k?
5
Suppose -6 = -3*h + 39. What is the highest common factor of h and 120?
15
Suppose 9 = -2*h - h + 3*j, -2*j = -5*h. Suppose -3 = -t + h. Calculate the highest common divisor of 55 and t.
5
Suppose -2*z = -0*z - 6. Let p(n) = 4*n**z + 0*n - n**3 - 2*n + 3*n**2. Let v be p(2). What is the greatest common factor of v and 4?
4
Let w = 1 - -2. Suppose -5*j = -57 - w. Suppose 5*o = 82 - 22. What is the highest common factor of j and o?
12
Let n(c) = -3 + 4*c**2 - c - c**3 + 2 + 4 + 7*c. Let i be n(5). What is the greatest common divisor of 8 and i?
8
Let n be (-4)/(-6) - 8/12. Let t = 3 + n. Let b(z) = z**3 - 3*z**2 + 4*z. Let x be b(t). What is the greatest common factor of 60 and x?
12
Let l(q) = 23*q + 88. Let v be l(12). Calculate the highest common factor of v and 52.
52
Let d(s) = -s**2 - 3*s - 1. Let o be d(-1). Let l be 1 + 14 + (-3 - o). What is the highest common divisor of 99 and l?
11
Let o = 10 + -6. Suppose -2*x - 15*x + 136 = 0. Calculate the highest common divisor of x and o.
4
Let q be 3 - (34*-1 - -1). What is the highest common factor of 144 and q?
36
Suppose -5*v = -11 - 9. Let d(r) = 5 - r + 1 - 1. Let h be d(v). Calculate the highest common divisor of 11 and h.
1
Let s be (-2)/(1 + 166/(-164)). Let b = -104 + s. Calculate the greatest common factor of 12 and b.
12
Let m(h) = h**2 + 17*h + 22. Let f be m(-16). What is the greatest common factor of 42 and f?
6
Let a be (-30)/(-9)*6*(0 + 1). Calculate the greatest common divisor of a and 140.
20
Let p be 2 - (-4 + 5) - 9. Let m be 5 - (p/(-4) - -1). Let n = -2 + 18. What is the highest common factor of n and m?
2
Let a = -1 - -3. Suppose 2*z = -2*v + 30 - 10, 0 = -z - a. Let h be (-2)/6 - (-292)/v. Calculate the highest common factor of 3 and h.
3
Suppose 3*k = 3*z + 9, 0 = -4*z - 4*k + 2*k + 18. Let l be z - -12*(-2)/3. Let r = -1 - l. Calculate the highest common factor of 20 and r.
5
Let i(s) = -3*s**3 + 4*s**2 + 4*s - 2. Let n be i(-4). Calculate the greatest common factor of n and 34.
34
Let n = -48 + 156. Suppose 3*z - 108 = 15. Suppose -x = 4*x + 5*u - 85, -3*x + z = u. What is the highest common factor of n and x?
12
Let t = 19 + -8. Suppose 308 = 4*f - 0*f. Calculate the highest common divisor of t and f.
11
Let k(w) = -w**3 + 8*w**2 + 2*w - 3. Let m be k(-3). What is the highest common divisor of m and 60?
30
Let h be 14 - 1 - 0 - 1. Let k(j) = j**3 + 3*j**2 - 17*j + 1. Let d be k(-5). Calculate the highest common 